{"id":95,"date":"2021-02-09T15:18:33","date_gmt":"2021-02-09T14:18:33","guid":{"rendered":"http:\/\/lescompagnons.be\/?page_id=95"},"modified":"2025-08-28T16:32:41","modified_gmt":"2025-08-28T14:32:41","slug":"les-camps","status":"publish","type":"page","link":"https:\/\/lescompagnons.be\/index.php\/les-camps\/","title":{"rendered":"Le camp"},"content":{"rendered":"\n<p>Chaque ann\u00e9e, le camp est organis\u00e9 au mois de juillet.  Durant ces 10 jours, sur un th\u00e8me bien d\u00e9fini, des activit\u00e9s vari\u00e9es et amusantes sont propos\u00e9es aux anim\u00e9s. M\u00eame l\u2019intendance se pr\u00eate au jeu et adapte sa cuisine en fonction de ce th\u00e8me. Chaque soir, les enfants ont la chance de participer \u00e0 des veill\u00e9es avant d\u2019aller se coucher. <\/p>\n\n\n\n<p>Les petits de 5 \u00e0 9 ans dorment en b\u00e2timent alors que les ados de 9 \u00e0 16 ans se reposent dans les tentes. Il faut savoir que les Compagnons sont toujours en mouvement et se d\u00e9pensent beaucoup afin de participer au mieux aux diff\u00e9rents jeux propos\u00e9s. Arriv\u00e9s le dernier jour du camp, le mouvement se rassemble une derni\u00e8re fois autour d\u2019un feu de camp afin de se rem\u00e9morer ces 10 jours pass\u00e9s dans la bonne humeur et tout de m\u00eame l\u2019impatience de retrouver papa et maman.<\/p>\n\n\n\n<h2>Camp 2025<\/h2>\n\n\n\n<p>Cette ann\u00e9e, le camp s&rsquo;est d\u00e9roul\u00e9 <strong>du 05 au 14 juillet 2025<\/strong> \u00e0 <strong>Vellereux<\/strong> avec comme th\u00e8me <strong>\u00ab\u00a0Le Moyen-Age\u00a0\u00bb.<\/strong><\/p>\n\n\n\n<figure class=\"wp-block-image size-large\"><img loading=\"lazy\" width=\"1024\" height=\"576\" src=\"https:\/\/lescompagnons.be\/wp-content\/uploads\/2025\/02\/Montage-2024-Partie-4-1024x576.png\" alt=\"\" class=\"wp-image-2190\" srcset=\"https:\/\/lescompagnons.be\/wp-content\/uploads\/2025\/02\/Montage-2024-Partie-4-1024x576.png 1024w, https:\/\/lescompagnons.be\/wp-content\/uploads\/2025\/02\/Montage-2024-Partie-4-300x169.png 300w, https:\/\/lescompagnons.be\/wp-content\/uploads\/2025\/02\/Montage-2024-Partie-4-768x432.png 768w, https:\/\/lescompagnons.be\/wp-content\/uploads\/2025\/02\/Montage-2024-Partie-4-1536x864.png 1536w, https:\/\/lescompagnons.be\/wp-content\/uploads\/2025\/02\/Montage-2024-Partie-4.png 1920w\" sizes=\"(max-width: 767px) 89vw, (max-width: 1000px) 54vw, (max-width: 1071px) 543px, 580px\" \/><\/figure>\n\n\n\n<p><strong>Documents importants pour le camp : <\/strong><\/p>\n\n\n\n<p><a href=\"https:\/\/drive.google.com\/file\/d\/1KT8fIJshQ_hcI-WbGDGjgnFFThqStLN2\/view?usp=drive_link\">Carnet de camp<\/a><\/p>\n\n\n\n<p><a href=\"https:\/\/drive.google.com\/file\/d\/1RW0uWYmpdFXt8VYi8OoTUA0Rz3u7GIaa\/view?usp=drive_link\">Autorisation de camp<\/a><\/p>\n\n\n\n<p><strong>Adresse de l&rsquo;endroit de camp : <\/strong><\/p>\n\n\n\n<div class=\"wp-block-group\"><div class=\"wp-block-group__inner-container\">\n<div class=\"wp-block-group\"><div class=\"wp-block-group__inner-container\">\n<p><strong>Maison Latour<\/strong><\/p>\n\n\n\n<p>Vellereux, 32 <\/p>\n\n\n\n<p>6663 Houffalize (Mabompr\u00e9)<\/p>\n<\/div><\/div>\n<\/div><\/div>\n","protected":false},"excerpt":{"rendered":"<p>Chaque ann\u00e9e, le camp est organis\u00e9 au mois de juillet. Durant ces 10 jours, sur un th\u00e8me bien d\u00e9fini, des activit\u00e9s vari\u00e9es et amusantes sont propos\u00e9es aux anim\u00e9s. M\u00eame l\u2019intendance se pr\u00eate au jeu et adapte sa cuisine en fonction de ce th\u00e8me. Chaque soir, les enfants ont la chance de participer \u00e0 des veill\u00e9es &hellip; <\/p>\n<p class=\"link-more\"><a href=\"https:\/\/lescompagnons.be\/index.php\/les-camps\/\" class=\"more-link\">Continuer la lecture<span class=\"screen-reader-text\"> de &laquo;&nbsp;Le camp&nbsp;&raquo;<\/span><\/a><\/p>\n","protected":false},"author":1,"featured_media":0,"parent":0,"menu_order":0,"comment_status":"closed","ping_status":"closed","template":"","meta":{"ngg_post_thumbnail":0},"_links":{"self":[{"href":"https:\/\/lescompagnons.be\/index.php\/wp-json\/wp\/v2\/pages\/95"}],"collection":[{"href":"https:\/\/lescompagnons.be\/index.php\/wp-json\/wp\/v2\/pages"}],"about":[{"href":"https:\/\/lescompagnons.be\/index.php\/wp-json\/wp\/v2\/types\/page"}],"author":[{"embeddable":true,"href":"https:\/\/lescompagnons.be\/index.php\/wp-json\/wp\/v2\/users\/1"}],"replies":[{"embeddable":true,"href":"https:\/\/lescompagnons.be\/index.php\/wp-json\/wp\/v2\/comments?post=95"}],"version-history":[{"count":19,"href":"https:\/\/lescompagnons.be\/index.php\/wp-json\/wp\/v2\/pages\/95\/revisions"}],"predecessor-version":[{"id":2239,"href":"https:\/\/lescompagnons.be\/index.php\/wp-json\/wp\/v2\/pages\/95\/revisions\/2239"}],"wp:attachment":[{"href":"https:\/\/lescompagnons.be\/index.php\/wp-json\/wp\/v2\/media?parent=95"}],"curies":[{"name":"wp","href":"https:\/\/api.w.org\/{rel}","templated":true}]}}